 composite?
False
Let d(r) = -4*r**3 + 3*r**2 - 3*r + 6. Let f be d(3). Let w = 55 - f. Is w a prime number?
True
Let u(o) = -o**3 + 5*o**2 + 3. Let k(b) = -2*b - 6 - 8 - 12 + 8. Let q be k(-11). Is u(q) a composite number?
False
Suppose 4*u + 3*i + 0*i = -3, 5*u + 5*i = -10. Let l be 0 + (3 - (u + -394)). Suppose 4*y - l = -62. Is y prime?
True
Suppose v + 1 = 0, 3*v + 23 = 2*m + 4*v. Let g = m - 8. Suppose g*q - 669 = q. Is q composite?
False
Let q = -68 - -68. Suppose q = -a - 4*d + 63, 0 = a - 5*a + d + 286. Is a a prime number?
True
Let k(q) = 4*q**3 + q**2 - 1. Let r be k(-1). Let s be 8/12 - r/3. Suppose s*d = 356 - 58. Is d prime?
True
Let u(z) = -z**3 - 5*z**3 - 4*z**3 - 5*z**3 - z - z**2 + 4. Let j be u(-5). Suppose -3*b + 4*i + j = 2*i, -2*b = -5*i - 1221. Is b prime?
False
Let l = 21 - 15. Is -38*(9/l)/(-1) composite?
True
Let p = 5673 - 3442. Is p a prime number?
False
Suppose 7*x - 30930 = x. Is x prime?
False
Suppose 70*a = 33*a + 1174121. Is a composite?
True
Suppose -6*p + 0*p + 218262 = 0. Is p composite?
True
Let c(o) = -o**3 + 8*o**2 + 8*o - 3. Let u be c(7). Suppose -2*k + 347 = q + u, 3*k = -5*q + 1239. Is q a composite number?
True
Suppose -6*y + 8*y - 96 = 0. Suppose -4*h - 9*r + 4*r = -167, 5*r = h - y. Is h a composite number?
False
Let q(f) = -5771*f - 260. Is q(-9) a composite number?
False
Let r(d) be the second derivative of 10*d - 5/12*d**4 + 17/2*d**2 - 4/3*d**3 + 0 + 1/20*d**5. Is r(7) prime?
True
Let p be 2/6 + (-29)/(-3). Let g(w) = 2*w - 7 - 9 + 22. Is g(p) a prime number?
False
Let j(q) = q**2 + q - 3. Let g be j(-3). Suppose g*h - 6*h + 894 = 0. Suppose 5*r + k - h = -3*k, 0 = -3*r - 4*k + 182. Is r a composite number?
True
Let k = -8049 + 16108. Is k a composite number?
False
Let q(c) be the second derivative of 239*c**4/2 + c**3/3 - 3*c**2/2 - 5*c + 1. Is q(2) a prime number?
True
Let k(b) = b - 25. Let v be k(-14). Let p = 41 + v. Suppose 0*j + p*j = 298. Is j a prime number?
True
Let t = 18 + -22. Let h(g) = -102*g + 1. Is h(t) a composite number?
False
Is (-88293)/(-5 + 4) + 10 composite?
True
Is -8 + 4/((-12)/(-42111)) prime?
True
Let q(a) be the first derivative of 7*a**3/3 - 2*a**2 - 11*a - 12. Is q(10) a prime number?
False
Let i = -2 - -4. Suppose 6419 + 651 = i*d. Suppose j + 2*j - 2*r - 2121 = 0, 5*j - d = 2*r. Is j composite?
True
Suppose -2*p - 204 = -2*d, 4*d = p + 122 - 14. Let s = -1 - p. Suppose -578 = -g - s. Is g prime?
True
Let u(m) = 2*m**2 + 6*m - 15. Suppose -4*s - 2 = a - 1, -4*s - 13 = -3*a. Is u(a) a prime number?
False
Let r be 44/2 - (-7 + 5). Suppose -5*a + 9 = 5*m + r, -2*a - 3*m = 2. Is (-31)/(-2)*(-1 - a) a composite number?
True
Let v(r) = 120*r**2 - r + 2. Let d be v(1). Let z = -34 + d. Is z prime?
False
Suppose -2*z + 4*f = 34, 5*z + 5*f + 21 = -34. Let u(m) = -m**3 - 4*m**2 - 4*m - 2. Is u(z) composite?
False
Let u be 130/3 - (-4)/(-12). Let w = u - -3. Suppose 0*i = 2*i - w. Is i a prime number?
True
Let y = 29 + -29. Let q(n) = 2*n + 31. Let v be q(y). Is (7 + (0 - 0))*v a composite number?
True
Suppose -4*d + 63 = 3*g - 22, 4*d - 84 = -4*g. Let m = d + 4. Is m prime?
False
Let o(d) = 22*d**2 + 15*d + 22. Let u = 44 - 53. Is o(u) composite?
False
Suppose -5*n = 3*d + 118, 3*d + 4*n + 44 = 2*d. Let l = d + 13. Is 2 + l*(-3 - 4) a composite number?
False
Suppose 2*r = u + 16016, r + 3*u - 8013 = u. Is r a prime number?
True
Suppose s + 1888 - 5937 = -5*m, -3*m + 20245 = 5*s. Is s a prime number?
True
Suppose 0*g = -g. Suppose g = 3*u + 5*r + 442, -r - 2 = 3. Let a = 6 - u. Is a a composite number?
True
Let q(i) = 7 + 5*i**2 - 20 + 5*i**2 - 5*i - 10 + 3*i**3. Is q(6) prime?
False
Suppose 4*l - 18208 = 4*t, -17*t + 4527 = l - 13*t. Is l prime?
True
Let u = -86 - -102. Let r(x) = 25*x + 3. Is r(u) composite?
True
Suppose -13394 = -2*r - 4*h, 2*r - 322*h + 327*h = 13398. Is r a composite number?
False
Suppose -3*x + 7*x = 3*u - 23, 5*u = 5*x + 35. Suppose k - 18 = 3*k - 4*q, -u*q + 24 = -k. Suppose 0 = -2*g + l + 597, -l = k - 2. Is g prime?
False
Let w(p) = 5*p**3 + 3*p**2 - 6*p + 10. Let d be w(4). Suppose -j + d = -43. Is j composite?
False
Let d be ((-1)/2)/(2/(-236)). Suppose -2*n + d = -135. Is n a prime number?
True
Let u(k) = 65*k**2 + 8*k + 41. Is u(14) prime?
True
Let c(m) = m**2 - 5*m + 5. Let v(j) = -5*j**2 - j. Let o be v(1). Let l = 0 - o. Is c(l) a composite number?
False
Suppose 0 = 2*o - 11955 + 3073. Is o composite?
False
Let d = 2 - -3. Let p = d + -3. Is (3/(-4))/(p/(-16)) a composite number?
True
Let l(y) = 918*y + 33. Is l(7) prime?
False
Suppose 5*r = -93 - 47. Let v be (-265)/(-7) + (-4)/r. Let k = 103 - v. Is k a composite number?
True
Let g be (-502)/(-4) + (-12)/24. Suppose -g = 2*m - 571. Is m composite?
False
Let q(x) = 63*x + 284. Is q(19) prime?
True
Suppose o - 4*z + 2 + 4 = 0, -4 = 3*o - 5*z. Suppose -o*a + 3091 = -5*p, 0 = -2*p - 0 - 2. Is a prime?
True
Let x = -29 - -25. Is ((-2)/x)/((-4)/(-752)) a prime number?
False
Let d(k) = 3118*k + 3. Let v(r) = 6236*r + 4. Let l(y) = -11*d(y) + 6*v(y). Is l(1) a prime number?
True
Suppose -12*s + 21008 = -7108. Let o = s + -1217. Is o prime?
False
Let t = 64 - 61. Suppose -4*s + 1383 + 1814 = -3*r, -4*s - t*r = -3179. Is s prime?
True
Suppose -2063 - 2476 = -3*o + 4*c, c - 1513 = -o. Is o a composite number?
True
Suppose 1298 = 2*j + 2*r, 4*r + 729 = 5*j - 2552. Let u(w) = -w + 2. Let o be u(0). Suppose y + j = 2*y - 4*i, y - o*i = 647. Is y composite?
False
Let w be (4 - 5/1) + -1. Let d be 4/w*(-504)/48. Suppose 5*j + d = r - 25, 0 = -r + 3*j + 40. Is r prime?
True
Let u(a) = 6*a**2 - a**3 + 8 - 2*a + a**3 - a**3. Let q be u(-6). Suppose k + q = 5*k. Is k prime?
True
Let k(i) be the first derivative of -4*i**3/3 - 5*i**2/2 + 2*i - 2. Let b(o) be the first derivative of k(o). Is b(-7) composite?
True
Let y(a) = -a - 2. Let r be y(-4). Let d(q) be the third derivative of 41*q**5/60 + q**4/24 - q**3/2 - 9*q**2. Is d(r) prime?
True
Let a(m) = -386*m - 3. Is a(-2) composite?
False
Suppose -15*z = -58806 - 205404. Is z a prime number?
False
Suppose -9*m = -8*m + 76. Let n = m - -221. Let v = 286 - n. Is v a prime number?
False
Let j(a) = a**2 - a + 1. Let q(w) = 3*w**2 + 10*w - 9. Let d(z) = 5*j(z) - q(z). Is d(15) a composite number?
False
Suppose f + 4*f = 5*u + 470, 396 = 4*f + u. Let k(v) = 8*v - 4. Let s be k(5). Suppose -s - f = -c. Is c prime?
False
Let c(w) = -510*w**3 - 7*w**2 - 3*w - 9. Is c(-7) prime?
True
Suppose -8*v + 415 = -1305. Suppose 0 = 7*u + v - 4506. Is u a prime number?
True
Let q(j) = -j**2 - 11*j - 10. Let x be q(-10). Let v = 5 - x. Suppose -5*d - v*c = -1070, -3*d = 5*c - 524 - 112. Is d prime?
False
Suppose 4 - 24 = 5*t. Let w(c) = 16*c**2 + 5*c - 3. Let l be w(t). Suppose 0 = v + 90 - l. Is v composite?
True
Suppose 4*o - 4 = -4*j - 0, 3*o + 9 = 0. Is 1217 - (3 + (j - 7)) a prime number?
True
Suppose 2*g - 8 = 0, -3*u + 6274 = -2*g - 11085. Is u a prime number?
False
Let n(x) = x**2 + 4*x + 8. Let t be n(-3). Let c(h) = h**3 - 4*h**2 - 5*h + 3. Let f be c(t). Suppose -f*z + 2022 = 651. Is z a prime number?
True
Let s = -20 - -18. Let f = s + 1013. Suppose -5*k + k + 3*m = -981, -3*m + f = 4*k. Is k a composite number?
True
Suppose -30*z + 27*z - 39 = 0. Let c = z + -1. Is (180/126)/((-2)/c) a composite number?
True
Let u = 23344 + -13683. Is u composite?
False
Let v = -14 - -19. Suppose v*t - 101 + 18 = -m, 3*t + 424 = 4*m. Is m a prime number?
True
Let d = -12 + 12. Suppose d*b = b - 224. Let j = 75 + b. Is j composite?
True
Suppose 5541 = -8*k + 16141. Suppose 0 = -4*j - 12, 2*x = 6*x - 3*j - k. Is x a prime number?
False
Let p be (-2 - 0)/((-5)/10). Suppose -2444 = -14*o + 12*o. Suppose p*j - o = 1342. Is j prime?
True
Let f(s) = s**3 + 10*s**2 + 7. Let m(n) = 3*n**3 + 19*n**2 - n + 15. Let a(g) = -5*f(g) + 2*m(g). Let j be a(13). Is (-42)/4*j/(-9) composite?
True
Suppose -576 = 5*u + 1009. Let l(n) = -70*n - 24. Let g be l(-7). Let c = g + u. Is c prime?
True
Is 3776/3 + ((-112)/24)/(-14) composite?
False
Let o be (-58)/(-5) + (-3)/5. Is 2253/o - 6/(-33) a composite number?
True
Let y be 2/4*(15 - 5). Suppose 0 = 2*n - y*n + 6. Suppose 4*h = -2*d + 110, 5*d + n*h - 269 = -2*h. Is d a composite number?
False
Let p(l) = -l + 9. Let h be p(8). Is (-3)/(-12)*14*(95 - h